CRAN Package Check Results for Package mlapi

Last updated on 2018-05-14 01:46:48 CEST.

Flavor Version Tinstall Tcheck Ttotal Status Flags
r-devel-linux-x86_64-debian-clang 0.1.0 4.56 19.42 23.98 OK
r-devel-linux-x86_64-debian-gcc 0.1.0 3.02 16.91 19.93 OK
r-devel-linux-x86_64-fedora-clang 0.1.0 30.70 NOTE
r-devel-linux-x86_64-fedora-gcc 0.1.0 29.13 NOTE
r-devel-windows-ix86+x86_64 0.1.0 5.00 41.00 46.00 OK
r-patched-linux-x86_64 0.1.0 2.62 20.05 22.67 OK
r-patched-solaris-x86 0.1.0 46.70 NOTE
r-release-linux-x86_64 0.1.0 2.92 20.12 23.04 OK
r-release-windows-ix86+x86_64 0.1.0 5.00 41.00 46.00 OK
r-release-osx-x86_64 0.1.0 NOTE
r-oldrel-windows-ix86+x86_64 0.1.0 4.00 31.00 35.00 OK
r-oldrel-osx-x86_64 0.1.0 NOTE

Check Details

Version: 0.1.0
Check: dependencies in R code
Result: NOTE
    Namespaces in Imports field not imported from:
     ‘Matrix’ ‘R6’
     All declared Imports should be used.
Flavors: r-devel-linux-x86_64-fedora-clang, r-devel-linux-x86_64-fedora-gcc, r-patched-solaris-x86, r-release-osx-x86_64, r-oldrel-osx-x86_64