CRAN Package Check Results for Package mlvocab

Last updated on 2018-05-14 01:46:48 CEST.

Flavor Version Tinstall Tcheck Ttotal Status Flags
r-devel-linux-x86_64-debian-clang 0.0.1 36.91 54.33 91.24 OK
r-devel-linux-x86_64-debian-gcc 0.0.1 27.21 49.65 76.86 OK
r-devel-linux-x86_64-fedora-clang 0.0.1 123.59 NOTE
r-devel-linux-x86_64-fedora-gcc 0.0.1 117.19 NOTE
r-devel-windows-ix86+x86_64 0.0.1 69.00 118.00 187.00 OK
r-patched-linux-x86_64 0.0.1 32.98 52.33 85.31 OK
r-patched-solaris-x86 0.0.1 140.60 NOTE
r-release-linux-x86_64 0.0.1 30.71 52.74 83.45 OK
r-release-windows-ix86+x86_64 0.0.1 69.00 118.00 187.00 OK
r-release-osx-x86_64 0.0.1 NOTE
r-oldrel-windows-ix86+x86_64 0.0.1 84.00 92.00 176.00 OK
r-oldrel-osx-x86_64 0.0.1 NOTE

Additional issues

gcc8

Check Details

Version: 0.0.1
Check: dependencies in R code
Result: NOTE
    Namespace in Imports field not imported from: ‘sparsepp’
     All declared Imports should be used.
Flavors: r-devel-linux-x86_64-fedora-clang, r-devel-linux-x86_64-fedora-gcc, r-patched-solaris-x86, r-release-osx-x86_64, r-oldrel-osx-x86_64