Last updated on 2018-05-14 01:46:48 CEST.
Flavor | Version | Tinstall | Tcheck | Ttotal | Status | Flags |
---|---|---|---|---|---|---|
r-devel-linux-x86_64-debian-clang | 6.1-0 | 15.08 | 115.62 | 130.70 | OK | |
r-devel-linux-x86_64-debian-gcc | 6.1-0 | 12.79 | 96.91 | 109.70 | OK | |
r-devel-linux-x86_64-fedora-clang | 6.1-0 | 172.14 | NOTE | |||
r-devel-linux-x86_64-fedora-gcc | 6.1-0 | 169.18 | NOTE | |||
r-devel-windows-ix86+x86_64 | 6.1-0 | 32.00 | 160.00 | 192.00 | OK | |
r-patched-linux-x86_64 | 6.1-0 | 13.09 | 112.66 | 125.75 | OK | |
r-patched-solaris-x86 | 6.1-0 | 218.50 | NOTE | |||
r-release-linux-x86_64 | 6.1-0 | 11.75 | 114.06 | 125.81 | OK | |
r-release-windows-ix86+x86_64 | 6.1-0 | 32.00 | 160.00 | 192.00 | OK | |
r-release-osx-x86_64 | 6.1-0 | NOTE | ||||
r-oldrel-windows-ix86+x86_64 | 6.1-0 | 12.00 | 119.00 | 131.00 | OK | |
r-oldrel-osx-x86_64 | 6.1-0 | NOTE |
Version: 6.1-0
Check: dependencies in R code
Result: NOTE
Namespace in Imports field not imported from: ‘plotrix’
All declared Imports should be used.
Flavors: r-devel-linux-x86_64-fedora-clang, r-devel-linux-x86_64-fedora-gcc, r-patched-solaris-x86, r-release-osx-x86_64, r-oldrel-osx-x86_64