Last updated on 2018-05-14 01:46:48 CEST.
Flavor | Version | Tinstall | Tcheck | Ttotal | Status | Flags |
---|---|---|---|---|---|---|
r-devel-linux-x86_64-debian-clang | 0.1.3 | 2.71 | 16.07 | 18.78 | NOTE | |
r-devel-linux-x86_64-debian-gcc | 0.1.3 | 1.92 | 13.70 | 15.62 | NOTE | |
r-devel-linux-x86_64-fedora-clang | 0.1.3 | 24.07 | NOTE | |||
r-devel-linux-x86_64-fedora-gcc | 0.1.3 | 23.81 | NOTE | |||
r-devel-windows-ix86+x86_64 | 0.1.3 | 10.00 | 30.00 | 40.00 | OK | |
r-patched-linux-x86_64 | 0.1.3 | 2.01 | 16.31 | 18.32 | NOTE | |
r-patched-solaris-x86 | 0.1.3 | 41.70 | OK | |||
r-release-linux-x86_64 | 0.1.3 | 2.26 | 16.26 | 18.52 | NOTE | |
r-release-windows-ix86+x86_64 | 0.1.3 | 10.00 | 30.00 | 40.00 | OK | |
r-release-osx-x86_64 | 0.1.3 | OK | ||||
r-oldrel-windows-ix86+x86_64 | 0.1.3 | 8.00 | 26.00 | 34.00 | OK | |
r-oldrel-osx-x86_64 | 0.1.3 | OK |
Version: 0.1.3
Check: compiled code
Result: NOTE
File ‘monreg/libs/monreg.so’:
Found no calls to: ‘R_registerRoutines’, ‘R_useDynamicSymbols’
It is good practice to register native routines and to disable symbol
search.
See ‘Writing portable packages’ in the ‘Writing R Extensions’ manual.
Flavors: r-devel-linux-x86_64-debian-clang, r-devel-linux-x86_64-debian-gcc, r-devel-linux-x86_64-fedora-clang, r-devel-linux-x86_64-fedora-gcc, r-patched-linux-x86_64, r-release-linux-x86_64