CRAN Package Check Results for Package moonBook

Last updated on 2018-05-14 01:46:48 CEST.

Flavor Version Tinstall Tcheck Ttotal Status Flags
r-devel-linux-x86_64-debian-clang 0.1.8 2.73 38.33 41.06 OK
r-devel-linux-x86_64-debian-gcc 0.1.8 2.29 32.14 34.43 OK
r-devel-linux-x86_64-fedora-clang 0.1.8 52.58 OK
r-devel-linux-x86_64-fedora-gcc 0.1.8 52.75 OK
r-devel-windows-ix86+x86_64 0.1.8 5.00 62.00 67.00 OK
r-patched-linux-x86_64 0.1.8 2.45 39.42 41.87 OK
r-patched-solaris-x86 0.1.8 81.00 OK
r-release-linux-x86_64 0.1.8 3.18 37.99 41.17 OK
r-release-windows-ix86+x86_64 0.1.8 5.00 62.00 67.00 OK
r-release-osx-x86_64 0.1.8 OK
r-oldrel-windows-ix86+x86_64 0.1.8 6.00 50.00 56.00 OK
r-oldrel-osx-x86_64 0.1.3 NOTE

Check Details

Version: 0.1.3
Check: R code for possible problems
Result: NOTE
    ORplot.sub: no visible global function definition for ‘par’
    ORplot.sub: no visible global function definition for ‘plot’
    ORplot.sub: no visible global function definition for ‘rect’
    ORplot.sub: no visible global function definition for ‘abline’
    ORplot.sub: no visible global function definition for ‘text’
    ORplot.sub: no visible global function definition for ‘segments’
    ORplot.sub: no visible global function definition for ‘points’
    densityplot: no visible global function definition for ‘terms’
    densityplot: no visible global function definition for ‘as.formula’
    densityplot: no visible global function definition for ‘rainbow’
    densityplot: no visible global function definition for ‘density’
    densityplot: no visible global function definition for ‘plot’
    densityplot: no visible global function definition for ‘lines’
    densityplot: no visible global function definition for ‘legend’
    extractOR: no visible global function definition for ‘confint’
    extractOR: no visible global function definition for ‘coef’
    my.chisq.test: no visible global function definition for ‘xtabs’
    my.chisq.test: no visible global function definition for ‘chisq.test’
    my.chisq.test: no visible global function definition for ‘fisher.test’
    my.t.test: no visible global function definition for ‘lm’
    my.t.test: no visible global function definition for ‘shapiro.test’
    my.t.test: no visible global function definition for ‘resid’
    my.t.test: no visible global function definition for ‘var.test’
    my.t.test: no visible global function definition for ‘t.test’
    my.t.test: no visible global function definition for ‘kruskal.test’
    my.t.test: no visible global function definition for ‘anova’
    mycph: no visible global function definition for ‘terms’
    mycph: no visible global function definition for ‘as.formula’
    mycsv.cbind.mytable: no visible global function definition for
     ‘write.table’
    mycsv.mytable: no visible global function definition for ‘write.csv’
    mytable: no visible global function definition for ‘terms’
    mytable: no visible global function definition for ‘as.formula’
    mytable.sub: no visible global function definition for ‘na.omit’
    mytable2: no visible global function definition for ‘terms’
    mytable2: no visible global function definition for ‘as.formula’
    num_summary: no visible binding for global variable ‘sd’
    num_summary: no visible binding for global variable ‘median’
    num_summary: no visible binding for global variable ‘mad’
    num_summary: no visible binding for global variable ‘IQR’
    num_summary: no visible binding for global variable ‘fivenum’
    Undefined global functions or variables:
     IQR abline anova as.formula chisq.test coef confint density
     fisher.test fivenum kruskal.test legend lines lm mad median na.omit
     par plot points rainbow rect resid sd segments shapiro.test t.test
     terms text var.test write.csv write.table xtabs
    Consider adding
     importFrom("grDevices", "rainbow")
     importFrom("graphics", "abline", "legend", "lines", "par", "plot",
     "points", "rect", "segments", "text")
     importFrom("stats", "IQR", "anova", "as.formula", "chisq.test", "coef",
     "confint", "density", "fisher.test", "fivenum",
     "kruskal.test", "lm", "mad", "median", "na.omit", "resid",
     "sd", "shapiro.test", "t.test", "terms", "var.test",
     "xtabs")
     importFrom("utils", "write.csv", "write.table")
    to your NAMESPACE file.
Flavor: r-oldrel-osx-x86_64

Version: 0.1.3
Check: files in ‘vignettes’
Result: NOTE
    The following directory looks like a leftover from 'knitr':
     ‘figure’
    Please remove from your package.
Flavor: r-oldrel-osx-x86_64