CRAN Package Check Results for Package mrMLM.GUI

Last updated on 2018-05-14 01:46:49 CEST.

Flavor Version Tinstall Tcheck Ttotal Status Flags
r-devel-linux-x86_64-debian-clang 3.1 13.09 110.74 123.83 OK
r-devel-linux-x86_64-debian-gcc 3.1 13.13 97.31 110.44 OK
r-devel-linux-x86_64-fedora-clang 3.1 169.22 OK
r-devel-linux-x86_64-fedora-gcc 3.1 164.48 OK
r-devel-windows-ix86+x86_64 3.1 39.00 192.00 231.00 OK
r-patched-linux-x86_64 3.1 11.89 112.01 123.90 OK
r-patched-solaris-x86 3.1 247.10 NOTE
r-release-linux-x86_64 3.1 11.19 110.75 121.94 OK
r-release-windows-ix86+x86_64 3.1 39.00 192.00 231.00 OK
r-release-osx-x86_64 3.1 OK
r-oldrel-windows-ix86+x86_64 3.1 26.00 138.00 164.00 OK

Check Details

Version: 3.1
Check: installed package size
Result: NOTE
     installed size is 5.1Mb
     sub-directories of 1Mb or more:
     extdata 3.8Mb
Flavor: r-patched-solaris-x86