CRAN Package Check Results for Package mvabund

Last updated on 2018-05-14 01:46:49 CEST.

Flavor Version Tinstall Tcheck Ttotal Status Flags
r-devel-linux-x86_64-debian-clang 3.13.1 39.31 115.41 154.72 OK
r-devel-linux-x86_64-debian-gcc 3.13.1 34.48 97.72 132.20 OK
r-devel-linux-x86_64-fedora-clang 3.13.1 209.51 OK
r-devel-linux-x86_64-fedora-gcc 3.13.1 204.32 OK
r-devel-windows-ix86+x86_64 3.13.1 82.00 238.00 320.00 OK
r-patched-linux-x86_64 3.13.1 43.40 127.99 171.39 OK
r-patched-solaris-x86 3.13.1 271.20 OK
r-release-linux-x86_64 3.13.1 42.64 126.62 169.26 OK
r-release-windows-ix86+x86_64 3.13.1 82.00 238.00 320.00 OK
r-release-osx-x86_64 3.13.1 NOTE
r-oldrel-windows-ix86+x86_64 3.13.1 84.00 212.00 296.00 OK
r-oldrel-osx-x86_64 3.13.1 NOTE

Check Details

Version: 3.13.1
Check: installed package size
Result: NOTE
     installed size is 5.9Mb
     sub-directories of 1Mb or more:
     libs 4.8Mb
Flavors: r-release-osx-x86_64, r-oldrel-osx-x86_64