Last updated on 2018-05-14 01:46:50 CEST.
Flavor | Version | Tinstall | Tcheck | Ttotal | Status | Flags |
---|---|---|---|---|---|---|
r-devel-linux-x86_64-debian-clang | 2.1-3 | 1.99 | 17.44 | 19.43 | NOTE | |
r-devel-linux-x86_64-debian-gcc | 2.1-3 | 1.53 | 15.92 | 17.45 | NOTE | |
r-devel-linux-x86_64-fedora-clang | 2.1-3 | 26.21 | NOTE | |||
r-devel-linux-x86_64-fedora-gcc | 2.1-3 | 24.56 | NOTE | |||
r-devel-windows-ix86+x86_64 | 2.1-3 | 7.00 | 48.00 | 55.00 | NOTE | |
r-patched-linux-x86_64 | 2.1-3 | 1.88 | 18.51 | 20.39 | NOTE | |
r-patched-solaris-x86 | 2.1-3 | 40.60 | NOTE | |||
r-release-linux-x86_64 | 2.1-3 | 1.88 | 18.48 | 20.36 | NOTE | |
r-release-windows-ix86+x86_64 | 2.1-3 | 7.00 | 48.00 | 55.00 | NOTE | |
r-release-osx-x86_64 | 2.1-3 | NOTE | ||||
r-oldrel-windows-ix86+x86_64 | 2.1-3 | 10.00 | 33.00 | 43.00 | NOTE | |
r-oldrel-osx-x86_64 | 2.1-3 | NOTE |
Version: 2.1-3
Check: R code for possible problems
Result: NOTE
simulate.sisnetwork: no visible global function definition for ‘var’
Undefined global functions or variables:
var
Consider adding
importFrom("stats", "var")
to your NAMESPACE file.
Flavors: r-devel-linux-x86_64-debian-clang, r-devel-linux-x86_64-debian-gcc, r-devel-linux-x86_64-fedora-clang, r-devel-linux-x86_64-fedora-gcc, r-devel-windows-ix86+x86_64, r-patched-linux-x86_64, r-patched-solaris-x86, r-release-linux-x86_64, r-release-windows-ix86+x86_64, r-release-osx-x86_64, r-oldrel-windows-ix86+x86_64, r-oldrel-osx-x86_64
Version: 2.1-3
Check: compiled code
Result: NOTE
File ‘networksis/libs/networksis.so’:
Found no calls to: ‘R_registerRoutines’, ‘R_useDynamicSymbols’
It is good practice to register native routines and to disable symbol
search.
See ‘Writing portable packages’ in the ‘Writing R Extensions’ manual.
Flavors: r-devel-linux-x86_64-debian-clang, r-devel-linux-x86_64-debian-gcc, r-devel-linux-x86_64-fedora-clang, r-devel-linux-x86_64-fedora-gcc, r-patched-linux-x86_64, r-release-linux-x86_64