Last updated on 2018-05-14 01:46:50 CEST.
Flavor | Version | Tinstall | Tcheck | Ttotal | Status | Flags |
---|---|---|---|---|---|---|
r-devel-linux-x86_64-debian-clang | 0.9.0-3 | 102.75 | 94.89 | 197.64 | OK | |
r-devel-linux-x86_64-debian-gcc | 0.9.0-3 | 97.28 | 83.52 | 180.80 | OK | |
r-devel-linux-x86_64-fedora-clang | 0.9.0-3 | 286.68 | NOTE | |||
r-devel-linux-x86_64-fedora-gcc | 0.9.0-3 | 288.08 | NOTE | |||
r-devel-windows-ix86+x86_64 | 0.9.0-3 | 264.00 | 220.00 | 484.00 | NOTE | |
r-patched-linux-x86_64 | 0.9.0-3 | 122.45 | 104.25 | 226.70 | OK | |
r-patched-solaris-x86 | 0.9.0-3 | 303.80 | NOTE | |||
r-release-linux-x86_64 | 0.9.0-3 | 122.78 | 105.61 | 228.39 | OK | |
r-release-windows-ix86+x86_64 | 0.9.0-3 | 264.00 | 220.00 | 484.00 | NOTE | |
r-release-osx-x86_64 | 0.9.0-3 | NOTE | ||||
r-oldrel-windows-ix86+x86_64 | 0.9.0-3 | 285.00 | 183.00 | 468.00 | OK | |
r-oldrel-osx-x86_64 | 0.9.0-3 | NOTE |
Version: 0.9.0-3
Check: installed package size
Result: NOTE
installed size is 11.1Mb
sub-directories of 1Mb or more:
libs 9.2Mb
Flavors: r-devel-linux-x86_64-fedora-clang, r-devel-linux-x86_64-fedora-gcc, r-devel-windows-ix86+x86_64, r-release-windows-ix86+x86_64, r-release-osx-x86_64, r-oldrel-osx-x86_64
Version: 0.9.0-3
Check: dependencies in R code
Result: NOTE
Namespaces in Imports field not imported from:
‘dparser’ ‘inline’
All declared Imports should be used.
Flavors: r-devel-linux-x86_64-fedora-clang, r-devel-linux-x86_64-fedora-gcc, r-patched-solaris-x86, r-release-osx-x86_64, r-oldrel-osx-x86_64