CRAN Package Check Results for Package noaastormevents

Last updated on 2018-05-14 01:46:50 CEST.

Flavor Version Tinstall Tcheck Ttotal Status Flags
r-devel-linux-x86_64-debian-clang 0.1.0 3.59 37.11 40.70 NOTE
r-devel-linux-x86_64-debian-gcc 0.1.0 2.87 34.18 37.05 NOTE
r-devel-linux-x86_64-fedora-clang 0.1.0 56.00 NOTE
r-devel-linux-x86_64-fedora-gcc 0.1.0 53.04 NOTE
r-devel-windows-ix86+x86_64 0.1.0 12.00 91.00 103.00 NOTE
r-patched-linux-x86_64 0.1.0 2.90 37.99 40.89 NOTE
r-patched-solaris-x86 0.1.0 77.20 NOTE
r-release-linux-x86_64 0.1.0 3.28 38.09 41.37 NOTE
r-release-windows-ix86+x86_64 0.1.0 12.00 91.00 103.00 NOTE
r-release-osx-x86_64 0.1.0 NOTE
r-oldrel-windows-ix86+x86_64 0.1.0 10.00 70.00 80.00 NOTE
r-oldrel-osx-x86_64 0.1.0 NOTE

Check Details

Version: 0.1.0
Check: package dependencies
Result: NOTE
    Package suggested but not available for checking: ‘hurricaneexposuredata’
Flavors: r-devel-linux-x86_64-debian-clang, r-devel-linux-x86_64-debian-gcc, r-devel-linux-x86_64-fedora-clang, r-devel-linux-x86_64-fedora-gcc, r-devel-windows-ix86+x86_64, r-patched-linux-x86_64, r-patched-solaris-x86, r-release-linux-x86_64, r-release-windows-ix86+x86_64, r-release-osx-x86_64, r-oldrel-windows-ix86+x86_64, r-oldrel-osx-x86_64

Version: 0.1.0
Check: dependencies in R code
Result: NOTE
    Namespaces in Imports field not imported from:
     ‘RColorBrewer’ ‘XML’ ‘choroplethr’ ‘choroplethrMaps’ ‘data.table’
     ‘forcats’ ‘hurricaneexposure’ ‘plyr’
     All declared Imports should be used.
Flavors: r-devel-linux-x86_64-fedora-clang, r-devel-linux-x86_64-fedora-gcc, r-patched-solaris-x86, r-release-osx-x86_64, r-oldrel-osx-x86_64