Last updated on 2018-05-14 01:46:50 CEST.
Flavor | Version | Tinstall | Tcheck | Ttotal | Status | Flags |
---|---|---|---|---|---|---|
r-devel-linux-x86_64-debian-clang | 0.2.2 | 8.88 | 24.36 | 33.24 | OK | |
r-devel-linux-x86_64-debian-gcc | 0.2.2 | 11.18 | 22.36 | 33.54 | OK | |
r-devel-linux-x86_64-fedora-clang | 0.2.2 | 48.48 | NOTE | |||
r-devel-linux-x86_64-fedora-gcc | 0.2.2 | 45.17 | NOTE | |||
r-devel-windows-ix86+x86_64 | 0.2.2 | 14.00 | 50.00 | 64.00 | NOTE | |
r-patched-linux-x86_64 | 0.2.2 | 10.11 | 25.81 | 35.92 | OK | |
r-patched-solaris-x86 | 0.2.2 | 75.70 | NOTE | |||
r-release-linux-x86_64 | 0.2.2 | 8.85 | 25.84 | 34.69 | OK | |
r-release-windows-ix86+x86_64 | 0.2.2 | 14.00 | 50.00 | 64.00 | NOTE | |
r-release-osx-x86_64 | 0.2.2 | NOTE | ||||
r-oldrel-windows-ix86+x86_64 | 0.2.2 | 17.00 | 38.00 | 55.00 | NOTE | |
r-oldrel-osx-x86_64 | 0.2.2 | NOTE |
Version: 0.2.2
Check: installed package size
Result: NOTE
installed size is 7.0Mb
sub-directories of 1Mb or more:
data 6.9Mb
Flavors: r-devel-linux-x86_64-fedora-clang, r-devel-linux-x86_64-fedora-gcc, r-devel-windows-ix86+x86_64, r-patched-solaris-x86, r-release-windows-ix86+x86_64, r-release-osx-x86_64, r-oldrel-windows-ix86+x86_64, r-oldrel-osx-x86_64