Last updated on 2018-05-14 01:46:51 CEST.
Flavor | Version | Tinstall | Tcheck | Ttotal | Status | Flags |
---|---|---|---|---|---|---|
r-devel-linux-x86_64-debian-clang | 1.3 | 1.30 | 37.92 | 39.22 | NOTE | |
r-devel-linux-x86_64-debian-gcc | 1.3 | 1.33 | 32.59 | 33.92 | NOTE | |
r-devel-linux-x86_64-fedora-clang | 1.3 | 48.30 | NOTE | |||
r-devel-linux-x86_64-fedora-gcc | 1.3 | 46.60 | NOTE | |||
r-devel-windows-ix86+x86_64 | 1.3 | 3.00 | 76.00 | 79.00 | NOTE | |
r-patched-linux-x86_64 | 1.3 | 1.63 | 36.00 | 37.63 | NOTE | |
r-patched-solaris-x86 | 1.3 | 83.30 | NOTE | |||
r-release-linux-x86_64 | 1.3 | 1.43 | 35.94 | 37.37 | NOTE | |
r-release-windows-ix86+x86_64 | 1.3 | 3.00 | 76.00 | 79.00 | NOTE | |
r-release-osx-x86_64 | 1.3 | NOTE | ||||
r-oldrel-windows-ix86+x86_64 | 1.3 | 5.00 | 52.00 | 57.00 | NOTE | |
r-oldrel-osx-x86_64 | 1.3 | NOTE |
Version: 1.3
Check: package dependencies
Result: NOTE
Package suggested but not available for checking: ‘Rmpi’
Flavors: r-devel-linux-x86_64-debian-clang, r-devel-linux-x86_64-debian-gcc, r-release-osx-x86_64, r-oldrel-osx-x86_64
Version: 1.3
Check: R code for possible problems
Result: NOTE
parallelExport: no visible global function definition for ‘setNames’
parallelGetOptions: no visible global function definition for
‘setNames’
parallelStop: no visible global function definition for
‘getFromNamespace’
stopWithJobErrorMessages: no visible global function definition for
‘head’
Undefined global functions or variables:
getFromNamespace head setNames
Consider adding
importFrom("stats", "setNames")
importFrom("utils", "getFromNamespace", "head")
to your NAMESPACE file.
Flavors: r-devel-linux-x86_64-debian-clang, r-devel-linux-x86_64-debian-gcc, r-devel-linux-x86_64-fedora-clang, r-devel-linux-x86_64-fedora-gcc, r-devel-windows-ix86+x86_64, r-patched-linux-x86_64, r-patched-solaris-x86, r-release-linux-x86_64, r-release-windows-ix86+x86_64, r-release-osx-x86_64, r-oldrel-windows-ix86+x86_64, r-oldrel-osx-x86_64
Version: 1.3
Check: Rd cross-references
Result: NOTE
Package unavailable to check Rd xrefs: ‘Rmpi’
Flavors: r-release-osx-x86_64, r-oldrel-osx-x86_64