CRAN Package Check Results for Package pcr

Last updated on 2018-05-14 01:46:52 CEST.

Flavor Version Tinstall Tcheck Ttotal Status Flags
r-devel-linux-x86_64-debian-clang 1.1.0 3.38 70.35 73.73 NOTE
r-devel-linux-x86_64-debian-gcc 1.1.0 3.39 60.47 63.86 NOTE
r-devel-linux-x86_64-fedora-clang 1.1.0 100.82 NOTE
r-devel-linux-x86_64-fedora-gcc 1.1.0 97.20 NOTE
r-devel-windows-ix86+x86_64 1.1.0 21.00 175.00 196.00 OK
r-patched-linux-x86_64 1.1.0 3.74 72.95 76.69 NOTE
r-patched-solaris-x86 1.1.0 124.20 OK
r-release-linux-x86_64 1.1.0 3.33 73.49 76.82 NOTE
r-release-windows-ix86+x86_64 1.1.0 21.00 175.00 196.00 OK
r-release-osx-x86_64 1.1.0 OK
r-oldrel-windows-ix86+x86_64 1.1.0 10.00 134.00 144.00 OK
r-oldrel-osx-x86_64 1.1.0 OK

Check Details

Version: 1.1.0
Check: DESCRIPTION meta-information
Result: NOTE
    Dependence on R version ‘3.4.2’ not with patchlevel 0
Flavors: r-devel-linux-x86_64-debian-clang, r-devel-linux-x86_64-debian-gcc, r-devel-linux-x86_64-fedora-clang, r-devel-linux-x86_64-fedora-gcc, r-patched-linux-x86_64, r-release-linux-x86_64