CRAN Package Check Results for Package pdc

Last updated on 2018-05-14 01:46:52 CEST.

Flavor Version Tinstall Tcheck Ttotal Status Flags
r-devel-linux-x86_64-debian-clang 1.0.3 13.45 22.22 35.67 NOTE
r-devel-linux-x86_64-debian-gcc 1.0.3 9.24 18.62 27.86 NOTE
r-devel-linux-x86_64-fedora-clang 1.0.3 49.56 NOTE
r-devel-linux-x86_64-fedora-gcc 1.0.3 40.97 NOTE
r-devel-windows-ix86+x86_64 1.0.3 37.00 57.00 94.00 OK
r-patched-linux-x86_64 1.0.3 10.42 22.31 32.73 NOTE
r-patched-solaris-x86 1.0.3 62.70 OK
r-release-linux-x86_64 1.0.3 10.68 22.22 32.90 NOTE
r-release-windows-ix86+x86_64 1.0.3 37.00 57.00 94.00 OK
r-release-osx-x86_64 1.0.3 OK
r-oldrel-windows-ix86+x86_64 1.0.3 34.00 42.00 76.00 OK
r-oldrel-osx-x86_64 1.0.3 OK

Check Details

Version: 1.0.3
Check: compiled code
Result: NOTE
    File ‘pdc/libs/pdc.so’:
     Found no calls to: ‘R_registerRoutines’, ‘R_useDynamicSymbols’
    
    It is good practice to register native routines and to disable symbol
    search.
    
    See ‘Writing portable packages’ in the ‘Writing R Extensions’ manual.
Flavors: r-devel-linux-x86_64-debian-clang, r-devel-linux-x86_64-debian-gcc, r-devel-linux-x86_64-fedora-clang, r-devel-linux-x86_64-fedora-gcc, r-patched-linux-x86_64, r-release-linux-x86_64