CRAN Package Check Results for Package pdftools

Last updated on 2018-05-14 01:46:52 CEST.

Flavor Version Tinstall Tcheck Ttotal Status Flags
r-devel-linux-x86_64-debian-clang 1.6 17.90 25.10 43.00 OK
r-devel-linux-x86_64-debian-gcc 1.6 14.66 22.04 36.70 OK
r-devel-linux-x86_64-fedora-clang 1.6 60.31 OK
r-devel-linux-x86_64-fedora-gcc 1.6 55.88 OK
r-devel-windows-ix86+x86_64 1.6 99.00 113.00 212.00 NOTE
r-patched-linux-x86_64 1.6 19.00 25.78 44.78 OK
r-patched-solaris-x86 1.6 75.50 OK
r-release-linux-x86_64 1.6 18.50 25.59 44.09 OK
r-release-windows-ix86+x86_64 1.6 99.00 113.00 212.00 NOTE
r-release-osx-x86_64 1.6 NOTE
r-oldrel-windows-ix86+x86_64 1.6 119.00 91.00 210.00 NOTE
r-oldrel-osx-x86_64 1.6 NOTE

Check Details

Version: 1.6
Check: installed package size
Result: NOTE
     installed size is 24.1Mb
     sub-directories of 1Mb or more:
     libs 12.1Mb
     share 11.9Mb
Flavors: r-devel-windows-ix86+x86_64, r-release-windows-ix86+x86_64, r-release-osx-x86_64, r-oldrel-windows-ix86+x86_64, r-oldrel-osx-x86_64