CRAN Package Check Results for Package penDvine

Last updated on 2018-05-14 01:46:52 CEST.

Flavor Version Tinstall Tcheck Ttotal Status Flags
r-devel-linux-x86_64-debian-clang 0.2.4 8.24 67.18 75.42 OK
r-devel-linux-x86_64-debian-gcc 0.2.4 4.87 57.08 61.95 OK
r-devel-linux-x86_64-fedora-clang 0.2.4 99.84 OK
r-devel-linux-x86_64-fedora-gcc 0.2.4 93.99 OK
r-devel-windows-ix86+x86_64 0.2.4 13.00 105.00 118.00 OK
r-patched-linux-x86_64 0.2.4 5.63 63.80 69.43 OK
r-patched-solaris-x86 0.2.4 132.30 OK
r-release-linux-x86_64 0.2.4 5.28 64.67 69.95 OK
r-release-windows-ix86+x86_64 0.2.4 13.00 105.00 118.00 OK
r-release-osx-x86_64 0.2.4 OK
r-oldrel-windows-ix86+x86_64 0.2.4 11.00 74.00 85.00 FAIL
r-oldrel-osx-x86_64 0.2.4 OK

Check Details

Version: 0.2.4
Check: examples
Result: FAIL
    
Flavor: r-oldrel-windows-ix86+x86_64