CRAN Package Check Results for Package pencopula

Last updated on 2018-05-14 01:46:52 CEST.

Flavor Version Tinstall Tcheck Ttotal Status Flags
r-devel-linux-x86_64-debian-clang 0.3.5 7.35 59.86 67.21 ERROR
r-devel-linux-x86_64-debian-gcc 0.3.5 4.87 51.53 56.40 ERROR
r-devel-linux-x86_64-fedora-clang 0.3.5 93.89 NOTE
r-devel-linux-x86_64-fedora-gcc 0.3.5 88.46 NOTE
r-devel-windows-ix86+x86_64 0.3.5 11.00 98.00 109.00 NOTE
r-patched-linux-x86_64 0.3.5 5.34 56.16 61.50 ERROR
r-patched-solaris-x86 0.3.5 121.70 NOTE
r-release-linux-x86_64 0.3.5 4.55 56.57 61.12 ERROR
r-release-windows-ix86+x86_64 0.3.5 11.00 98.00 109.00 NOTE
r-release-osx-x86_64 0.3.5 NOTE
r-oldrel-windows-ix86+x86_64 0.3.5 10.00 69.00 79.00 NOTE
r-oldrel-osx-x86_64 0.3.5 NOTE

Check Details

Version: 0.3.5
Check: S3 generic/method consistency
Result: NOTE
    Found the following apparent S3 methods exported but not registered:
     plot.pencopula print.pencopula
    See section ‘Registering S3 methods’ in the ‘Writing R Extensions’
    manual.
Flavors: r-devel-linux-x86_64-debian-clang, r-devel-linux-x86_64-debian-gcc, r-devel-linux-x86_64-fedora-clang, r-devel-linux-x86_64-fedora-gcc, r-patched-linux-x86_64, r-patched-solaris-x86, r-release-linux-x86_64

Version: 0.3.5
Check: R code for possible problems
Result: NOTE
    grid.points: no visible global function definition for ‘quantile’
    knots.order: no visible global function definition for ‘median’
    new.weights: no visible global function definition for ‘ecdf’
    new.weights: no visible global function definition for ‘quantile’
    plot.pencopula: no visible global function definition for ‘as.formula’
    Undefined global functions or variables:
     as.formula ecdf median quantile
    Consider adding
     importFrom("stats", "as.formula", "ecdf", "median", "quantile")
    to your NAMESPACE file.
Flavors: r-devel-linux-x86_64-debian-clang, r-devel-linux-x86_64-debian-gcc, r-devel-linux-x86_64-fedora-clang, r-devel-linux-x86_64-fedora-gcc, r-devel-windows-ix86+x86_64, r-patched-linux-x86_64, r-patched-solaris-x86, r-release-linux-x86_64, r-release-windows-ix86+x86_64, r-release-osx-x86_64, r-oldrel-windows-ix86+x86_64, r-oldrel-osx-x86_64

Version: 0.3.5
Check: examples
Result: ERROR
    Running examples in ‘pencopula-Ex.R’ failed
    The error most likely occurred in:
    
    > base::assign(".ptime", proc.time(), pos = "CheckExEnv")
    > ### Name: pencopula-package
    > ### Title: The package 'pencopula' offers routines for estimating
    > ### multivariate penalized copula densities and copula distribution.
    > ### Aliases: pencopula-package
    > ### Keywords: nonparametric
    >
    > ### ** Examples
    >
    > Y <- cbind(runif(200),runif(200))
    > plot(pencopula(Y,d=4,D=4,lambda=rep(10,2),base="B-spline"))
    Error in as.double(y) :
     cannot coerce type 'environment' to vector of type 'double'
    Calls: plot -> plot.default -> xy.coords
    Execution halted
Flavors: r-devel-linux-x86_64-debian-clang, r-devel-linux-x86_64-debian-gcc, r-patched-linux-x86_64, r-release-linux-x86_64