CRAN Package Check Results for Package phuse

Last updated on 2018-05-14 01:46:52 CEST.

Flavor Version Tinstall Tcheck Ttotal Status Flags
r-devel-linux-x86_64-debian-clang 0.1.5 2.63 35.51 38.14 OK
r-devel-linux-x86_64-debian-gcc 0.1.5 1.91 30.64 32.55 OK
r-devel-linux-x86_64-fedora-clang 0.1.5 45.13 OK
r-devel-linux-x86_64-fedora-gcc 0.1.5 42.71 OK
r-devel-windows-ix86+x86_64 0.1.5 6.00 60.00 66.00 ERROR
r-patched-linux-x86_64 0.1.5 2.91 35.41 38.32 OK
r-patched-solaris-x86 0.1.5 62.80 OK
r-release-linux-x86_64 0.1.5 1.85 35.40 37.25 OK
r-release-windows-ix86+x86_64 0.1.5 6.00 60.00 66.00 ERROR
r-release-osx-x86_64 0.1.5 OK
r-oldrel-windows-ix86+x86_64 0.1.5 7.00 41.00 48.00 ERROR
r-oldrel-osx-x86_64 0.1.5 OK

Check Details

Version: 0.1.5
Check: examples
Result: ERROR
    Running examples in 'phuse-Ex.R' failed
    The error most likely occurred in:
    
    > ### Name: cvt_list2df
    > ### Title: Convert list to data frame
    > ### Aliases: cvt_list2df
    >
    > ### ** Examples
    >
    > a <- "https://github.com/phuse-org/phuse-scripts/raw/master"
    > b <- "development/R/scripts"
    > c <- "Draw_Dist2_R.yml"
    > f1 <- paste(a,b,c, sep = '/')
    > r1 <- read_yml(f1)
    > r2 <- cvt_list2df(r1)
    Error in a[[k1]] : subscript out of bounds
    Calls: cvt_list2df
    Execution halted
Flavors: r-devel-windows-ix86+x86_64, r-release-windows-ix86+x86_64

Version: 0.1.5
Check: examples
Result: ERROR
    Running examples in 'phuse-Ex.R' failed
    The error most likely occurred in:
    
    > ### Name: cvt_list2df
    > ### Title: Convert list to data frame
    > ### Aliases: cvt_list2df
    >
    > ### ** Examples
    >
    > a <- "https://github.com/phuse-org/phuse-scripts/raw/master"
    > b <- "development/R/scripts"
    > c <- "Draw_Dist2_R.yml"
    > f1 <- paste(a,b,c, sep = '/')
    > r1 <- read_yml(f1)
    > r2 <- cvt_list2df(r1)
    Error in a[[k1]] : subscript out of bounds
    Calls: cvt_list2df -> typeof
    Execution halted
Flavor: r-oldrel-windows-ix86+x86_64