Last updated on 2018-05-14 01:46:52 CEST.
Flavor | Version | Tinstall | Tcheck | Ttotal | Status | Flags |
---|---|---|---|---|---|---|
r-devel-linux-x86_64-debian-clang | 1.0.0 | 25.62 | 29.17 | 54.79 | NOTE | |
r-devel-linux-x86_64-debian-gcc | 1.0.0 | 22.20 | 25.83 | 48.03 | NOTE | |
r-devel-linux-x86_64-fedora-clang | 1.0.0 | 77.62 | NOTE | |||
r-devel-linux-x86_64-fedora-gcc | 1.0.0 | 70.89 | NOTE | |||
r-devel-windows-ix86+x86_64 | 1.0.0 | 57.00 | 99.00 | 156.00 | OK | |
r-patched-linux-x86_64 | 1.0.0 | 28.16 | 30.47 | 58.63 | NOTE | |
r-patched-solaris-x86 | 1.0.0 | 86.20 | OK | |||
r-release-linux-x86_64 | 1.0.0 | 26.07 | 30.92 | 56.99 | NOTE | |
r-release-windows-ix86+x86_64 | 1.0.0 | 57.00 | 99.00 | 156.00 | OK | |
r-release-osx-x86_64 | 1.0.0 | OK | ||||
r-oldrel-windows-ix86+x86_64 | 1.0.0 | 66.00 | 63.00 | 129.00 | OK | |
r-oldrel-osx-x86_64 | 1.0.0 | OK |
Version: 1.0.0
Check: compiled code
Result: NOTE
File ‘pirate/libs/pirate.so’:
Found no calls to: ‘R_registerRoutines’, ‘R_useDynamicSymbols’
It is good practice to register native routines and to disable symbol
search.
See ‘Writing portable packages’ in the ‘Writing R Extensions’ manual.
Flavors: r-devel-linux-x86_64-debian-clang, r-devel-linux-x86_64-debian-gcc, r-devel-linux-x86_64-fedora-clang, r-devel-linux-x86_64-fedora-gcc, r-patched-linux-x86_64, r-release-linux-x86_64