Last updated on 2018-05-14 01:46:53 CEST.
Flavor | Version | Tinstall | Tcheck | Ttotal | Status | Flags |
---|---|---|---|---|---|---|
r-devel-linux-x86_64-debian-clang | 3.0.4 | 244.81 | 227.00 | 471.81 | NOTE | |
r-devel-linux-x86_64-debian-gcc | 3.0.4 | 212.92 | 203.24 | 416.16 | NOTE | |
r-devel-linux-x86_64-fedora-clang | 3.0.4 | 704.15 | NOTE | |||
r-devel-linux-x86_64-fedora-gcc | 3.0.4 | 692.51 | NOTE | |||
r-devel-windows-ix86+x86_64 | 3.0.4 | 612.00 | 542.00 | 1154.00 | NOTE | |
r-patched-linux-x86_64 | 3.0.4 | 276.61 | 234.93 | 511.54 | NOTE | |
r-patched-solaris-x86 | 3.0.4 | 749.80 | NOTE | |||
r-release-linux-x86_64 | 3.0.4 | 268.38 | 235.28 | 503.66 | NOTE | |
r-release-windows-ix86+x86_64 | 3.0.4 | 612.00 | 542.00 | 1154.00 | NOTE | |
r-release-osx-x86_64 | 3.0.4 | NOTE | ||||
r-oldrel-windows-ix86+x86_64 | 3.0.4 | 691.00 | 400.00 | 1091.00 | NOTE | |
r-oldrel-osx-x86_64 | 3.0.4 | NOTE |
Version: 3.0.4
Check: package dependencies
Result: NOTE
Package suggested but not available for checking: ‘gurobi’
Flavors: r-devel-linux-x86_64-debian-clang, r-devel-linux-x86_64-debian-gcc, r-devel-linux-x86_64-fedora-clang, r-devel-linux-x86_64-fedora-gcc, r-devel-windows-ix86+x86_64, r-patched-linux-x86_64, r-release-linux-x86_64, r-release-windows-ix86+x86_64, r-oldrel-windows-ix86+x86_64
Version: 3.0.4
Check: package dependencies
Result: NOTE
Packages suggested but not available for checking:
‘gurobi’ ‘lpsymphony’ ‘Rsymphony’
Flavors: r-patched-solaris-x86, r-release-osx-x86_64, r-oldrel-osx-x86_64