Last updated on 2018-05-14 01:46:53 CEST.
Flavor | Version | Tinstall | Tcheck | Ttotal | Status | Flags |
---|---|---|---|---|---|---|
r-devel-linux-x86_64-debian-clang | 3.5.1 | 37.19 | 263.35 | 300.54 | OK | |
r-devel-linux-x86_64-debian-gcc | 3.5.1 | 33.95 | 237.77 | 271.72 | OK | |
r-devel-linux-x86_64-fedora-clang | 3.5.1 | 422.16 | OK | |||
r-devel-linux-x86_64-fedora-gcc | 3.5.1 | 389.23 | NOTE | |||
r-devel-windows-ix86+x86_64 | 3.5.1 | 89.00 | 473.00 | 562.00 | OK | |
r-patched-linux-x86_64 | 3.5.1 | 46.67 | 288.32 | 334.99 | OK | |
r-patched-solaris-x86 | 3.5.1 | 552.10 | OK | |||
r-release-linux-x86_64 | 3.5.1 | 42.87 | 296.93 | 339.80 | OK | |
r-release-windows-ix86+x86_64 | 3.5.1 | 89.00 | 473.00 | 562.00 | OK | |
r-release-osx-x86_64 | 3.5.1 | NOTE | ||||
r-oldrel-windows-ix86+x86_64 | 3.5.1 | 92.00 | 462.00 | 554.00 | OK | |
r-oldrel-osx-x86_64 | 3.1.9 | NOTE |
Version: 3.5.1
Check: installed package size
Result: NOTE
installed size is 5.6Mb
sub-directories of 1Mb or more:
data 1.5Mb
libs 2.8Mb
Flavor: r-devel-linux-x86_64-fedora-gcc
Version: 3.5.1
Check: package dependencies
Result: NOTE
Package suggested but not available for checking: ‘ALDEx2’
Flavor: r-release-osx-x86_64
Version: 3.1.9
Check: package dependencies
Result: NOTE
Package suggested but not available for checking: ‘ALDEx2’
Flavor: r-oldrel-osx-x86_64