Last updated on 2018-05-14 01:46:53 CEST.
Flavor | Version | Tinstall | Tcheck | Ttotal | Status | Flags |
---|---|---|---|---|---|---|
r-devel-linux-x86_64-debian-clang | 1.7 | 43.73 | 21.52 | 65.25 | OK | |
r-devel-linux-x86_64-debian-gcc | 1.7 | 35.53 | 19.38 | 54.91 | OK | |
r-devel-linux-x86_64-fedora-clang | 1.7 | 100.53 | NOTE | |||
r-devel-linux-x86_64-fedora-gcc | 1.7 | 91.83 | OK | |||
r-devel-windows-ix86+x86_64 | 1.7 | 127.00 | 81.00 | 208.00 | OK | |
r-patched-linux-x86_64 | 1.7 | 46.48 | 21.93 | 68.41 | OK | |
r-patched-solaris-x86 | 1.7 | 100.00 | NOTE | |||
r-release-linux-x86_64 | 1.7 | 46.60 | 21.82 | 68.42 | OK | |
r-release-windows-ix86+x86_64 | 1.7 | 127.00 | 81.00 | 208.00 | OK | |
r-release-osx-x86_64 | 1.7 | NOTE | ||||
r-oldrel-windows-ix86+x86_64 | 1.7 | 159.00 | 79.00 | 238.00 | OK | |
r-oldrel-osx-x86_64 | 1.7 | NOTE |
Version: 1.7
Check: pragmas in C/C++ headers and code
Result: NOTE
Files which contain pragma(s) suppressing diagnostics:
‘src/geobuf.pb.h’ ‘src/rexp.pb.h’
Flavor: r-devel-linux-x86_64-fedora-clang
Version: 1.7
Check: package dependencies
Result: NOTE
Package suggested but not available for checking: ‘RProtoBuf’
Flavors: r-patched-solaris-x86, r-oldrel-osx-x86_64
Version: 1.7
Check: Rd cross-references
Result: NOTE
Package unavailable to check Rd xrefs: ‘RProtoBuf’
Flavors: r-patched-solaris-x86, r-oldrel-osx-x86_64
Version: 1.7
Check: installed package size
Result: NOTE
installed size is 12.9Mb
sub-directories of 1Mb or more:
libs 12.8Mb
Flavor: r-release-osx-x86_64