CRAN Package Check Results for Package qle

Last updated on 2018-05-14 01:46:54 CEST.

Flavor Version Tinstall Tcheck Ttotal Status Flags
r-devel-linux-x86_64-debian-clang 0.17-1 16.44 239.86 256.30 OK
r-devel-linux-x86_64-debian-gcc 0.17-1 13.29 194.66 207.95 OK
r-devel-linux-x86_64-fedora-clang 0.17-1 345.18 OK
r-devel-linux-x86_64-fedora-gcc 0.17-1 314.64 OK
r-devel-windows-ix86+x86_64 0.17-1 33.00 444.00 477.00 OK
r-patched-linux-x86_64 0.17-1 14.54 0.02 14.56 FAIL
r-patched-solaris-x86 0.17-1 736.50 OK
r-release-linux-x86_64 0.17-1 17.82 242.71 260.53 OK
r-release-windows-ix86+x86_64 0.17-1 33.00 444.00 477.00 OK
r-release-osx-x86_64 0.17-1 OK
r-oldrel-windows-ix86+x86_64 0.17-1 38.00 351.00 389.00 OK
r-oldrel-osx-x86_64 0.17-1 OK

Check Details

Version: 0.17-1
Check: re-building of vignette outputs
Result: FAIL
    
Flavor: r-patched-linux-x86_64