CRAN Package Check Results for Package queuecomputer

Last updated on 2018-05-14 01:46:54 CEST.

Flavor Version Tinstall Tcheck Ttotal Status Flags
r-devel-linux-x86_64-debian-clang 0.8.2 23.09 43.50 66.59 OK
r-devel-linux-x86_64-debian-gcc 0.8.2 17.22 39.44 56.66 OK
r-devel-linux-x86_64-fedora-clang 0.8.2 90.34 OK
r-devel-linux-x86_64-fedora-gcc 0.8.2 84.46 OK
r-devel-windows-ix86+x86_64 0.8.2 65.00 118.00 183.00 OK
r-patched-linux-x86_64 0.8.2 23.10 45.69 68.79 NOTE
r-patched-solaris-x86 0.8.2 117.30 OK
r-release-linux-x86_64 0.8.2 23.42 46.33 69.75 NOTE
r-release-windows-ix86+x86_64 0.8.2 65.00 118.00 183.00 OK
r-release-osx-x86_64 0.8.2 OK
r-oldrel-windows-ix86+x86_64 0.8.2 38.00 96.00 134.00 OK
r-oldrel-osx-x86_64 0.8.2 OK

Check Details

Version: 0.8.2
Check: DESCRIPTION meta-information
Result: NOTE
    Dependence on R version ‘3.3.1’ not with patchlevel 0
Flavors: r-patched-linux-x86_64, r-release-linux-x86_64