CRAN Package Check Results for Package qut

Last updated on 2018-05-14 01:46:54 CEST.

Flavor Version Tinstall Tcheck Ttotal Status Flags
r-devel-linux-x86_64-debian-clang 2.0 6.50 66.95 73.45 WARN
r-devel-linux-x86_64-debian-gcc 2.0 5.61 57.61 63.22 WARN
r-devel-linux-x86_64-fedora-clang 2.0 97.10 WARN
r-devel-linux-x86_64-fedora-gcc 2.0 93.70 WARN
r-devel-windows-ix86+x86_64 2.0 10.00 96.00 106.00 WARN
r-patched-linux-x86_64 2.0 5.01 63.50 68.51 WARN
r-patched-solaris-x86 2.0 136.20 WARN
r-release-linux-x86_64 2.0 4.34 62.99 67.33 WARN
r-release-windows-ix86+x86_64 2.0 10.00 96.00 106.00 WARN
r-release-osx-x86_64 2.0 WARN
r-oldrel-windows-ix86+x86_64 2.0 11.00 74.00 85.00 WARN
r-oldrel-osx-x86_64 2.0 OK

Check Details

Version: 2.0
Check: examples
Result: WARN
    Found the following significant warnings:
    
     Warning: 'cBind' is deprecated.
    Deprecated functions may be defunct as soon as of the next release of
    R.
    See ?Deprecated.
Flavors: r-devel-linux-x86_64-debian-clang, r-devel-linux-x86_64-debian-gcc, r-devel-linux-x86_64-fedora-clang, r-devel-linux-x86_64-fedora-gcc, r-devel-windows-ix86+x86_64, r-patched-linux-x86_64, r-patched-solaris-x86, r-release-linux-x86_64, r-release-windows-ix86+x86_64, r-release-osx-x86_64, r-oldrel-windows-ix86+x86_64