CRAN Package Check Results for Package rTableICC

Last updated on 2018-05-14 01:46:58 CEST.

Flavor Version Tinstall Tcheck Ttotal Status Flags
r-devel-linux-x86_64-debian-clang 1.0.6 3.02 23.92 26.94 ERROR
r-devel-linux-x86_64-debian-gcc 1.0.6 2.09 21.67 23.76 ERROR
r-devel-linux-x86_64-fedora-clang 1.0.6 41.11 OK
r-devel-linux-x86_64-fedora-gcc 1.0.6 39.36 OK
r-devel-windows-ix86+x86_64 1.0.6 5.00 53.00 58.00 OK
r-patched-linux-x86_64 1.0.6 3.39 26.21 29.60 ERROR
r-patched-solaris-x86 1.0.6 58.00 OK
r-release-linux-x86_64 1.0.6 2.93 25.91 28.84 ERROR
r-release-windows-ix86+x86_64 1.0.6 5.00 53.00 58.00 OK
r-release-osx-x86_64 1.0.6 OK
r-oldrel-windows-ix86+x86_64 1.0.6 5.00 42.00 47.00 OK
r-oldrel-osx-x86_64 1.0.6 OK

Check Details

Version: 1.0.6
Check: examples
Result: ERROR
    Running examples in ‘rTableICC-Ex.R’ failed
    The error most likely occurred in:
    
    > base::assign(".ptime", proc.time(), pos = "CheckExEnv")
    > ### Name: rTable.2x2xK
    > ### Title: Randomly Generate 2x2xK Contingency Tables
    > ### Aliases: rTable.2x2xK
    > ### Keywords: datagen contingency Poisson multinomial product
    >
    > ### ** Examples
    >
    > # --- Generate a 2x2x8 contingency table under multinomial sampling plan ---
    > num.centers=8 # Number of centers
    > sampl="Multinomial" # Generate table under multinomial
    > # sampling plan
    > cell.prob=array(0.03125,dim=c(2,2,num.centers)) # Enter cell probabilities in 2x2xK format
    > num.obs=124 # Number of observations
    >
    > x=rTable.2x2xK(p=cell.prob,sampling=sampl,N=num.obs)
    Error in if (((is.na(p) == TRUE) | (is.finite(p) == FALSE) | (length(dim(p)) != :
     the condition has length > 1
    Calls: rTable.2x2xK -> rTable.2x2xK.default -> check
    Execution halted
Flavors: r-devel-linux-x86_64-debian-clang, r-devel-linux-x86_64-debian-gcc, r-patched-linux-x86_64, r-release-linux-x86_64