CRAN Package Check Results for Package radiant.multivariate

Last updated on 2018-05-14 01:46:54 CEST.

Flavor Version Tinstall Tcheck Ttotal Status Flags
r-devel-linux-x86_64-debian-clang 0.8.0 11.63 129.89 141.52 OK
r-devel-linux-x86_64-debian-gcc 0.8.0 10.17 114.77 124.94 OK
r-devel-linux-x86_64-fedora-clang 0.8.0 194.92 NOTE
r-devel-linux-x86_64-fedora-gcc 0.8.0 187.06 NOTE
r-devel-windows-ix86+x86_64 0.8.0 47.00 213.00 260.00 OK
r-patched-linux-x86_64 0.8.0 9.97 126.32 136.29 OK
r-patched-solaris-x86 0.8.0 255.30 NOTE
r-release-linux-x86_64 0.8.0 10.47 124.99 135.46 OK
r-release-windows-ix86+x86_64 0.8.0 47.00 213.00 260.00 OK
r-release-osx-x86_64 0.8.0 NOTE
r-oldrel-windows-ix86+x86_64 0.8.0 17.00 147.00 164.00 OK
r-oldrel-osx-x86_64 0.8.0 NOTE

Check Details

Version: 0.8.0
Check: data for non-ASCII characters
Result: NOTE
     Note: found 1 marked UTF-8 string
Flavors: r-devel-linux-x86_64-fedora-clang, r-devel-linux-x86_64-fedora-gcc, r-patched-solaris-x86, r-release-osx-x86_64, r-oldrel-osx-x86_64