CRAN Package Check Results for Package rags2ridges

Last updated on 2018-05-14 01:46:54 CEST.

Flavor Version Tinstall Tcheck Ttotal Status Flags
r-devel-linux-x86_64-debian-clang 2.2 49.45 160.11 209.56 OK
r-devel-linux-x86_64-debian-gcc 2.2 38.72 140.23 178.95 OK
r-devel-linux-x86_64-fedora-clang 2.2 287.45 NOTE
r-devel-linux-x86_64-fedora-gcc 2.2 276.51 NOTE
r-devel-windows-ix86+x86_64 2.2 115.00 359.00 474.00 OK
r-patched-linux-x86_64 2.2 43.77 165.89 209.66 OK
r-patched-solaris-x86 2.2 334.70 OK
r-release-linux-x86_64 2.2 41.26 165.05 206.31 OK
r-release-windows-ix86+x86_64 2.2 115.00 359.00 474.00 OK
r-release-osx-x86_64 2.2 NOTE
r-oldrel-windows-ix86+x86_64 2.2 74.00 265.00 339.00 OK
r-oldrel-osx-x86_64 2.2 NOTE

Check Details

Version: 2.2
Check: installed package size
Result: NOTE
     installed size is 5.5Mb
     sub-directories of 1Mb or more:
     R 1.0Mb
     libs 3.7Mb
Flavors: r-devel-linux-x86_64-fedora-clang, r-devel-linux-x86_64-fedora-gcc, r-release-osx-x86_64, r-oldrel-osx-x86_64

Version: 2.2
Check: package dependencies
Result: NOTE
    Package suggested but not available for checking: ‘KEGGgraph’
Flavor: r-oldrel-osx-x86_64