CRAN Package Check Results for Package raptr

Last updated on 2018-05-14 01:46:54 CEST.

Flavor Version Tinstall Tcheck Ttotal Status Flags
r-devel-linux-x86_64-debian-clang 0.1.1 151.36 230.87 382.23 NOTE
r-devel-linux-x86_64-debian-gcc 0.1.1 132.94 196.35 329.29 NOTE
r-devel-linux-x86_64-fedora-clang 0.1.1 574.72 NOTE
r-devel-linux-x86_64-fedora-gcc 0.1.1 530.19 NOTE
r-devel-windows-ix86+x86_64 0.1.1 440.00 553.00 993.00 NOTE
r-patched-linux-x86_64 0.1.1 153.24 236.95 390.19 NOTE
r-patched-solaris-x86 0.1.1 833.70 NOTE
r-release-linux-x86_64 0.1.1 167.11 232.60 399.71 NOTE
r-release-windows-ix86+x86_64 0.1.1 440.00 553.00 993.00 NOTE
r-release-osx-x86_64 0.1.1 NOTE
r-oldrel-windows-ix86+x86_64 0.1.1 305.00 463.00 768.00 NOTE
r-oldrel-osx-x86_64 0.1.1 NOTE

Check Details

Version: 0.1.1
Check: package dependencies
Result: NOTE
    Packages suggested but not available for checking: ‘gurobi’ ‘rgurobi’
Flavors: r-devel-linux-x86_64-debian-clang, r-devel-linux-x86_64-debian-gcc, r-devel-linux-x86_64-fedora-clang, r-devel-linux-x86_64-fedora-gcc, r-devel-windows-ix86+x86_64, r-patched-linux-x86_64, r-patched-solaris-x86, r-release-linux-x86_64, r-release-windows-ix86+x86_64, r-release-osx-x86_64, r-oldrel-windows-ix86+x86_64, r-oldrel-osx-x86_64

Version: 0.1.1
Check: installed package size
Result: NOTE
     installed size is 6.3Mb
     sub-directories of 1Mb or more:
     data 3.6Mb
     doc 1.4Mb
Flavors: r-devel-linux-x86_64-fedora-clang, r-devel-linux-x86_64-fedora-gcc, r-devel-windows-ix86+x86_64, r-patched-solaris-x86, r-release-windows-ix86+x86_64, r-release-osx-x86_64, r-oldrel-windows-ix86+x86_64, r-oldrel-osx-x86_64