CRAN Package Check Results for Package readtext

Last updated on 2018-05-14 01:46:55 CEST.

Flavor Version Tinstall Tcheck Ttotal Status Flags
r-devel-linux-x86_64-debian-clang 0.71 3.46 53.79 57.25 OK
r-devel-linux-x86_64-debian-gcc 0.71 2.20 48.26 50.46 OK
r-devel-linux-x86_64-fedora-clang 0.71 75.56 NOTE
r-devel-linux-x86_64-fedora-gcc 0.71 74.59 NOTE
r-devel-windows-ix86+x86_64 0.71 6.00 80.00 86.00 OK
r-patched-linux-x86_64 0.71 2.16 56.51 58.67 OK
r-patched-solaris-x86 0.71 121.50 NOTE
r-release-linux-x86_64 0.71 2.04 57.37 59.41 OK
r-release-windows-ix86+x86_64 0.71 6.00 80.00 86.00 OK
r-release-osx-x86_64 0.71 NOTE
r-oldrel-windows-ix86+x86_64 0.70 6.00 113.00 119.00 OK
r-oldrel-osx-x86_64 0.50 NOTE

Check Details

Version: 0.71
Check: data for non-ASCII characters
Result: NOTE
     Note: found 1 marked Latin-1 string
     Note: found 1 marked UTF-8 string
     Note: found 7 strings marked as "bytes"
Flavors: r-devel-linux-x86_64-fedora-clang, r-devel-linux-x86_64-fedora-gcc, r-patched-solaris-x86, r-release-osx-x86_64

Version: 0.50
Check: data for non-ASCII characters
Result: NOTE
     Note: found 1 marked Latin-1 string
     Note: found 1 marked UTF-8 string
     Note: found 7 strings marked as "bytes"
Flavor: r-oldrel-osx-x86_64