Last updated on 2018-05-14 01:46:55 CEST.
Flavor | Version | Tinstall | Tcheck | Ttotal | Status | Flags |
---|---|---|---|---|---|---|
r-devel-linux-x86_64-debian-clang | 1.1.1 | 5.33 | 57.42 | 62.75 | NOTE | |
r-devel-linux-x86_64-debian-gcc | 1.1.1 | 4.05 | 48.52 | 52.57 | NOTE | |
r-devel-linux-x86_64-fedora-clang | 1.1.1 | 80.56 | NOTE | |||
r-devel-linux-x86_64-fedora-gcc | 1.1.1 | 78.93 | NOTE | |||
r-devel-windows-ix86+x86_64 | 1.1.1 | 18.00 | 96.00 | 114.00 | NOTE | |
r-patched-linux-x86_64 | 1.1.1 | 4.76 | 53.54 | 58.30 | NOTE | |
r-patched-solaris-x86 | 1.1.1 | 117.00 | NOTE | |||
r-release-linux-x86_64 | 1.1.1 | 5.16 | 53.54 | 58.70 | NOTE | |
r-release-windows-ix86+x86_64 | 1.1.1 | 18.00 | 96.00 | 114.00 | NOTE | |
r-release-osx-x86_64 | 1.1.1 | NOTE | ||||
r-oldrel-windows-ix86+x86_64 | 1.1.1 | 9.00 | 65.00 | 74.00 | NOTE | |
r-oldrel-osx-x86_64 | 1.1.1 | NOTE |
Version: 1.1.1
Check: R code for possible problems
Result: NOTE
cook.outliers: no visible global function definition for ‘lm’
cook.outliers: no visible global function definition for
‘cooks.distance’
nonparRI: no visible global function definition for ‘quantile’
plot.interval: no visible global function definition for ‘par’
plot.interval: no visible global function definition for ‘plot.new’
plot.interval: no visible global function definition for ‘plot.window’
plot.interval: no visible global function definition for ‘segments’
plot.interval: no visible global function definition for ‘axis’
plot.interval: no visible global function definition for ‘title’
plot.interval: no visible global function definition for ‘legend’
plot.interval: no visible global function definition for ‘box’
plot.interval: no visible global function definition for ‘text’
robust: no visible global function definition for ‘qt’
singleRefLimit: no visible global function definition for ‘qnorm’
singleRefLimit: no visible global function definition for
‘shapiro.test’
singleRefLimit: no visible global function definition for ‘ks.test’
Undefined global functions or variables:
axis box cooks.distance ks.test legend lm par plot.new plot.window
qnorm qt quantile segments shapiro.test text title
Consider adding
importFrom("graphics", "axis", "box", "legend", "par", "plot.new",
"plot.window", "segments", "text", "title")
importFrom("stats", "cooks.distance", "ks.test", "lm", "qnorm", "qt",
"quantile", "shapiro.test")
to your NAMESPACE file.
Flavors: r-devel-linux-x86_64-debian-clang, r-devel-linux-x86_64-debian-gcc, r-devel-linux-x86_64-fedora-clang, r-devel-linux-x86_64-fedora-gcc, r-devel-windows-ix86+x86_64, r-patched-linux-x86_64, r-patched-solaris-x86, r-release-linux-x86_64, r-release-windows-ix86+x86_64, r-release-osx-x86_64, r-oldrel-windows-ix86+x86_64, r-oldrel-osx-x86_64