CRAN Package Check Results for Package rgenoud

Last updated on 2018-05-14 01:46:56 CEST.

Flavor Version Tinstall Tcheck Ttotal Status Flags
r-devel-linux-x86_64-debian-clang 5.8-2.0 12.44 46.17 58.61 NOTE
r-devel-linux-x86_64-debian-gcc 5.8-2.0 5.97 45.96 51.93 NOTE
r-devel-linux-x86_64-fedora-clang 5.8-2.0 79.79 NOTE
r-devel-linux-x86_64-fedora-gcc 5.8-2.0 81.06 NOTE
r-devel-windows-ix86+x86_64 5.8-2.0 28.00 197.00 225.00 NOTE
r-patched-linux-x86_64 5.8-2.0 7.62 62.98 70.60 NOTE
r-patched-solaris-x86 5.8-2.0 108.50 NOTE
r-release-linux-x86_64 5.8-2.0 8.77 66.07 74.84 NOTE
r-release-windows-ix86+x86_64 5.8-2.0 28.00 197.00 225.00 NOTE
r-release-osx-x86_64 5.8-2.0 NOTE
r-oldrel-windows-ix86+x86_64 5.8-2.0 37.00 187.00 224.00 NOTE
r-oldrel-osx-x86_64 5.8-1.0 NOTE

Additional issues

clang-UBSAN

Check Details

Version: 5.8-2.0
Check: R code for possible problems
Result: NOTE
    genoud: multiple local function definitions for ‘fn1.bfgs’ with
     different formal arguments
    genoud: multiple local function definitions for ‘gr1’ with different
     formal arguments
    genoud: multiple local function definitions for ‘hess.fn’ with
     different formal arguments
    genoud_transform: multiple local function definitions for ‘fn1.bfgs’
     with different formal arguments
    genoud_transform: multiple local function definitions for ‘gr1’ with
     different formal arguments
Flavors: r-devel-linux-x86_64-debian-clang, r-devel-linux-x86_64-debian-gcc, r-devel-linux-x86_64-fedora-clang, r-devel-linux-x86_64-fedora-gcc, r-devel-windows-ix86+x86_64, r-patched-linux-x86_64, r-patched-solaris-x86, r-release-linux-x86_64, r-release-windows-ix86+x86_64, r-release-osx-x86_64, r-oldrel-windows-ix86+x86_64

Version: 5.8-1.0
Check: R code for possible problems
Result: NOTE
    genoud: multiple local function definitions for ‘fn1.bfgs’ with
     different formal arguments
    genoud: multiple local function definitions for ‘gr1’ with different
     formal arguments
    genoud: multiple local function definitions for ‘hess.fn’ with
     different formal arguments
    genoud_transform: multiple local function definitions for ‘fn1.bfgs’
     with different formal arguments
    genoud_transform: multiple local function definitions for ‘gr1’ with
     different formal arguments
Flavor: r-oldrel-osx-x86_64