Last updated on 2018-05-14 01:46:57 CEST.
Flavor | Version | Tinstall | Tcheck | Ttotal | Status | Flags |
---|---|---|---|---|---|---|
r-devel-linux-x86_64-debian-clang | 1.8.110 | 12.30 | 146.35 | 158.65 | WARN | |
r-devel-linux-x86_64-debian-gcc | 1.8.110 | 10.02 | 124.49 | 134.51 | WARN | |
r-devel-linux-x86_64-fedora-clang | 1.8.110 | 210.03 | WARN | |||
r-devel-linux-x86_64-fedora-gcc | 1.8.110 | 203.84 | WARN | |||
r-devel-windows-ix86+x86_64 | 1.8.110 | 27.00 | 226.00 | 253.00 | WARN | |
r-patched-linux-x86_64 | 1.8.110 | 8.52 | 142.00 | 150.52 | WARN | |
r-patched-solaris-x86 | 1.8.110 | 249.40 | WARN | |||
r-release-linux-x86_64 | 1.8.110 | 8.03 | 141.11 | 149.14 | WARN | |
r-release-windows-ix86+x86_64 | 1.8.110 | 27.00 | 226.00 | 253.00 | WARN | |
r-release-osx-x86_64 | 1.8.110 | WARN | ||||
r-oldrel-windows-ix86+x86_64 | 1.8.110 | 14.00 | 164.00 | 178.00 | OK | |
r-oldrel-osx-x86_64 | 1.8.110 | OK |
Version: 1.8.110
Check: examples
Result: WARN
Found the following significant warnings:
Warning: 'rBind' is deprecated.
Deprecated functions may be defunct as soon as of the next release of
R.
See ?Deprecated.
Flavors: r-devel-linux-x86_64-debian-clang, r-devel-linux-x86_64-debian-gcc, r-devel-linux-x86_64-fedora-clang, r-devel-linux-x86_64-fedora-gcc, r-devel-windows-ix86+x86_64, r-patched-linux-x86_64, r-patched-solaris-x86, r-release-linux-x86_64, r-release-windows-ix86+x86_64, r-release-osx-x86_64