Last updated on 2018-05-14 01:46:57 CEST.
Flavor | Version | Tinstall | Tcheck | Ttotal | Status | Flags |
---|---|---|---|---|---|---|
r-devel-linux-x86_64-debian-clang | 1.7 | 11.19 | 41.23 | 52.42 | NOTE | |
r-devel-linux-x86_64-debian-gcc | 1.7 | 7.93 | 34.88 | 42.81 | NOTE | |
r-devel-linux-x86_64-fedora-clang | 1.7 | 69.20 | NOTE | |||
r-devel-linux-x86_64-fedora-gcc | 1.7 | 67.93 | NOTE | |||
r-devel-windows-ix86+x86_64 | 1.7 | 51.00 | 96.00 | 147.00 | OK | |
r-patched-linux-x86_64 | 1.7 | 11.19 | 43.96 | 55.15 | NOTE | |
r-patched-solaris-x86 | 1.7 | 100.20 | OK | |||
r-release-linux-x86_64 | 1.7 | 11.55 | 43.43 | 54.98 | NOTE | |
r-release-windows-ix86+x86_64 | 1.7 | 51.00 | 96.00 | 147.00 | OK | |
r-release-osx-x86_64 | 1.7 | OK | ||||
r-oldrel-windows-ix86+x86_64 | 1.7 | 29.00 | 72.00 | 101.00 | OK | |
r-oldrel-osx-x86_64 | 1.7 | OK |
Version: 1.7
Check: compiled code
Result: NOTE
File ‘rootSolve/libs/rootSolve.so’:
Found no calls to: ‘R_registerRoutines’, ‘R_useDynamicSymbols’
It is good practice to register native routines and to disable symbol
search.
See ‘Writing portable packages’ in the ‘Writing R Extensions’ manual.
Flavors: r-devel-linux-x86_64-debian-clang, r-devel-linux-x86_64-debian-gcc, r-devel-linux-x86_64-fedora-clang, r-devel-linux-x86_64-fedora-gcc, r-patched-linux-x86_64, r-release-linux-x86_64