CRAN Package Check Results for Package rr

Last updated on 2018-05-14 01:46:58 CEST.

Flavor Version Tinstall Tcheck Ttotal Status Flags
r-devel-linux-x86_64-debian-clang 1.4 10.24 96.86 107.10 NOTE
r-devel-linux-x86_64-debian-gcc 1.4 8.75 81.86 90.61 NOTE
r-devel-linux-x86_64-fedora-clang 1.4 141.77 NOTE
r-devel-linux-x86_64-fedora-gcc 1.4 136.39 NOTE
r-devel-windows-ix86+x86_64 1.4 20.00 200.00 220.00 OK
r-patched-linux-x86_64 1.4 7.54 92.88 100.42 NOTE
r-patched-solaris-x86 1.4 182.50 OK
r-release-linux-x86_64 1.4 9.84 93.27 103.11 NOTE
r-release-windows-ix86+x86_64 1.4 20.00 200.00 220.00 OK
r-release-osx-x86_64 1.4 OK
r-oldrel-windows-ix86+x86_64 1.4 17.00 162.00 179.00 OK
r-oldrel-osx-x86_64 1.4 OK

Check Details

Version: 1.4
Check: compiled code
Result: NOTE
    File ‘rr/libs/rr.so’:
     Found no calls to: ‘R_registerRoutines’, ‘R_useDynamicSymbols’
    
    It is good practice to register native routines and to disable symbol
    search.
    
    See ‘Writing portable packages’ in the ‘Writing R Extensions’ manual.
Flavors: r-devel-linux-x86_64-debian-clang, r-devel-linux-x86_64-debian-gcc, r-devel-linux-x86_64-fedora-clang, r-devel-linux-x86_64-fedora-gcc, r-patched-linux-x86_64, r-release-linux-x86_64