CRAN Package Check Results for Package rredis

Last updated on 2018-05-14 01:46:58 CEST.

Flavor Version Tinstall Tcheck Ttotal Status Flags
r-devel-linux-x86_64-debian-clang 1.7.0 3.35 29.07 32.42 NOTE
r-devel-linux-x86_64-debian-gcc 1.7.0 2.57 24.92 27.49 NOTE
r-devel-linux-x86_64-fedora-clang 1.7.0 42.66 NOTE
r-devel-linux-x86_64-fedora-gcc 1.7.0 40.53 NOTE
r-devel-windows-ix86+x86_64 1.7.0 16.00 49.00 65.00 OK
r-patched-linux-x86_64 1.7.0 2.42 30.22 32.64 NOTE
r-patched-solaris-x86 1.7.0 56.00 OK
r-release-linux-x86_64 1.7.0 3.38 30.02 33.40 NOTE
r-release-windows-ix86+x86_64 1.7.0 16.00 49.00 65.00 OK
r-release-osx-x86_64 1.7.0 OK
r-oldrel-windows-ix86+x86_64 1.7.0 12.00 71.00 83.00 OK
r-oldrel-osx-x86_64 1.7.0 OK

Check Details

Version: 1.7.0
Check: compiled code
Result: NOTE
    File ‘rredis/libs/rredis.so’:
     Found no calls to: ‘R_registerRoutines’, ‘R_useDynamicSymbols’
    
    It is good practice to register native routines and to disable symbol
    search.
    
    See ‘Writing portable packages’ in the ‘Writing R Extensions’ manual.
Flavors: r-devel-linux-x86_64-debian-clang, r-devel-linux-x86_64-debian-gcc, r-devel-linux-x86_64-fedora-clang, r-devel-linux-x86_64-fedora-gcc, r-patched-linux-x86_64, r-release-linux-x86_64