Last updated on 2018-05-14 01:46:58 CEST.
Flavor | Version | Tinstall | Tcheck | Ttotal | Status | Flags |
---|---|---|---|---|---|---|
r-devel-linux-x86_64-debian-clang | 0.0.2 | 8.92 | 146.01 | 154.93 | OK | |
r-devel-linux-x86_64-debian-gcc | 0.0.2 | 9.95 | 126.72 | 136.67 | OK | |
r-devel-linux-x86_64-fedora-clang | 0.0.2 | 182.41 | OK | |||
r-devel-linux-x86_64-fedora-gcc | 0.0.2 | 191.31 | OK | |||
r-devel-windows-ix86+x86_64 | 0.0.2 | 28.00 | 207.00 | 235.00 | OK | |
r-patched-linux-x86_64 | 0.0.2 | 7.16 | 138.76 | 145.92 | NOTE | |
r-patched-solaris-x86 | 0.0.2 | 265.40 | OK | |||
r-release-linux-x86_64 | 0.0.2 | 6.79 | 137.50 | 144.29 | NOTE | |
r-release-windows-ix86+x86_64 | 0.0.2 | 28.00 | 207.00 | 235.00 | OK | |
r-release-osx-x86_64 | 0.0.2 | OK | ||||
r-oldrel-windows-ix86+x86_64 | 0.0.2 | 16.00 | 160.00 | 176.00 | OK | |
r-oldrel-osx-x86_64 | 0.0.2 | OK |
Version: 0.0.2
Check: DESCRIPTION meta-information
Result: NOTE
Dependence on R version ‘3.3.3’ not with patchlevel 0
Flavors: r-patched-linux-x86_64, r-release-linux-x86_64