Last updated on 2018-05-14 01:46:58 CEST.
Flavor | Version | Tinstall | Tcheck | Ttotal | Status | Flags |
---|---|---|---|---|---|---|
r-devel-linux-x86_64-debian-clang | 0.6.0 | 7.10 | 47.61 | 54.71 | OK | |
r-devel-linux-x86_64-debian-gcc | 0.6.0 | 6.13 | 42.80 | 48.93 | OK | |
r-devel-linux-x86_64-fedora-clang | 0.6.0 | 71.37 | NOTE | |||
r-devel-linux-x86_64-fedora-gcc | 0.6.0 | 69.75 | NOTE | |||
r-devel-windows-ix86+x86_64 | 0.6.0 | 13.00 | 80.00 | 93.00 | OK | |
r-patched-linux-x86_64 | 0.6.0 | 6.35 | 50.05 | 56.40 | OK | |
r-patched-solaris-x86 | 0.6.0 | 96.80 | NOTE | |||
r-release-linux-x86_64 | 0.6.0 | 6.46 | 50.32 | 56.78 | OK | |
r-release-windows-ix86+x86_64 | 0.6.0 | 13.00 | 80.00 | 93.00 | OK | |
r-release-osx-x86_64 | 0.6.0 | NOTE | ||||
r-oldrel-windows-ix86+x86_64 | 0.6.0 | 12.00 | 82.00 | 94.00 | OK | |
r-oldrel-osx-x86_64 | 0.6.0 | NOTE |
Version: 0.6.0
Check: data for non-ASCII characters
Result: NOTE
Note: found 113868 marked UTF-8 strings
Flavors: r-devel-linux-x86_64-fedora-clang, r-devel-linux-x86_64-fedora-gcc, r-patched-solaris-x86, r-release-osx-x86_64, r-oldrel-osx-x86_64