CRAN Package Check Results for Package scales

Last updated on 2018-05-14 01:47:01 CEST.

Flavor Version Tinstall Tcheck Ttotal Status Flags
r-devel-linux-x86_64-debian-clang 0.5.0 16.90 30.49 47.39 OK
r-devel-linux-x86_64-debian-gcc 0.5.0 12.43 27.31 39.74 OK
r-devel-linux-x86_64-fedora-clang 0.5.0 64.16 NOTE
r-devel-linux-x86_64-fedora-gcc 0.5.0 59.19 NOTE
r-devel-windows-ix86+x86_64 0.5.0 36.00 84.00 120.00 OK
r-patched-linux-x86_64 0.5.0 16.07 31.83 47.90 OK
r-patched-solaris-x86 0.5.0 78.40 NOTE
r-release-linux-x86_64 0.5.0 16.49 32.54 49.03 OK
r-release-windows-ix86+x86_64 0.5.0 36.00 84.00 120.00 OK
r-release-osx-x86_64 0.5.0 NOTE
r-oldrel-windows-ix86+x86_64 0.5.0 41.00 68.00 109.00 OK
r-oldrel-osx-x86_64 0.5.0 NOTE

Check Details

Version: 0.5.0
Check: dependencies in R code
Result: NOTE
    Namespace in Imports field not imported from: ‘R6’
     All declared Imports should be used.
Flavors: r-devel-linux-x86_64-fedora-clang, r-devel-linux-x86_64-fedora-gcc, r-patched-solaris-x86, r-release-osx-x86_64, r-oldrel-osx-x86_64