Last updated on 2018-05-14 01:47:01 CEST.
Flavor | Version | Tinstall | Tcheck | Ttotal | Status | Flags |
---|---|---|---|---|---|---|
r-devel-linux-x86_64-debian-clang | 0.1.1 | 0.91 | 19.33 | 20.24 | OK | |
r-devel-linux-x86_64-debian-gcc | 0.1.1 | 0.90 | 17.49 | 18.39 | OK | |
r-devel-linux-x86_64-fedora-clang | 0.1.1 | 27.79 | OK | |||
r-devel-linux-x86_64-fedora-gcc | 0.1.1 | 26.23 | OK | |||
r-devel-windows-ix86+x86_64 | 0.1.1 | 3.00 | 42.00 | 45.00 | OK | |
r-patched-linux-x86_64 | 0.1.1 | 0.88 | 20.87 | 21.75 | NOTE | |
r-patched-solaris-x86 | 0.1.1 | 42.10 | OK | |||
r-release-linux-x86_64 | 0.1.1 | 1.10 | 21.25 | 22.35 | NOTE | |
r-release-windows-ix86+x86_64 | 0.1.1 | 3.00 | 42.00 | 45.00 | OK | |
r-release-osx-x86_64 | 0.1.1 | OK | ||||
r-oldrel-windows-ix86+x86_64 | 0.1.1 | 6.00 | 30.00 | 36.00 | OK | |
r-oldrel-osx-x86_64 | 0.1.1 | OK |
Version: 0.1.1
Check: DESCRIPTION meta-information
Result: NOTE
Dependence on R version ‘3.3.1’ not with patchlevel 0
Flavors: r-patched-linux-x86_64, r-release-linux-x86_64