Last updated on 2018-05-14 01:47:02 CEST.
Flavor | Version | Tinstall | Tcheck | Ttotal | Status | Flags |
---|---|---|---|---|---|---|
r-devel-linux-x86_64-debian-clang | 0.9-11 | 5.33 | 31.36 | 36.69 | NOTE | |
r-devel-linux-x86_64-debian-gcc | 0.9-11 | 4.36 | 27.52 | 31.88 | NOTE | |
r-devel-linux-x86_64-fedora-clang | 0.9-11 | 46.78 | NOTE | |||
r-devel-linux-x86_64-fedora-gcc | 0.9-11 | 45.32 | NOTE | |||
r-devel-windows-ix86+x86_64 | 0.9-11 | 8.00 | 69.00 | 77.00 | NOTE | |
r-patched-linux-x86_64 | 0.9-11 | 5.19 | 29.97 | 35.16 | NOTE | |
r-patched-solaris-x86 | 0.9-11 | 73.50 | NOTE | |||
r-release-linux-x86_64 | 0.9-11 | 3.59 | 29.89 | 33.48 | NOTE | |
r-release-windows-ix86+x86_64 | 0.9-11 | 8.00 | 69.00 | 77.00 | NOTE | |
r-release-osx-x86_64 | 0.9-11 | NOTE | ||||
r-oldrel-windows-ix86+x86_64 | 0.9-11 | 8.00 | 54.00 | 62.00 | NOTE | |
r-oldrel-osx-x86_64 | 0.9-11 | NOTE |
Version: 0.9-11
Check: R code for possible problems
Result: NOTE
estimateTimeToComputeTargetDefinition: no visible global function
definition for ‘flush.console’
estimateTimeToComputeTargetDefinition: no visible global function
definition for ‘combn’
initialize,sdcTargetDefinitionClass: no visible global function
definition for ‘flush.console’
initialize,sdcTargetDefinitionClass: no visible global function
definition for ‘combn’
initialize,sdcTargetDefinitionClass: no visible global function
definition for ‘quantile’
initialize,sdcTargetMatrixClass: no visible global function definition
for ‘flush.console’
Undefined global functions or variables:
combn flush.console quantile
Consider adding
importFrom("stats", "quantile")
importFrom("utils", "combn", "flush.console")
to your NAMESPACE file.
Flavors: r-devel-linux-x86_64-debian-clang, r-devel-linux-x86_64-debian-gcc, r-devel-linux-x86_64-fedora-clang, r-devel-linux-x86_64-fedora-gcc, r-devel-windows-ix86+x86_64, r-patched-linux-x86_64, r-patched-solaris-x86, r-release-linux-x86_64, r-release-windows-ix86+x86_64, r-release-osx-x86_64, r-oldrel-windows-ix86+x86_64, r-oldrel-osx-x86_64