Last updated on 2018-05-14 01:47:02 CEST.
Flavor | Version | Tinstall | Tcheck | Ttotal | Status | Flags |
---|---|---|---|---|---|---|
r-devel-linux-x86_64-debian-clang | 1.0 | 1.77 | 22.85 | 24.62 | OK | |
r-devel-linux-x86_64-debian-gcc | 1.0 | 1.51 | 20.45 | 21.96 | OK | |
r-devel-linux-x86_64-fedora-clang | 1.0 | 33.42 | NOTE | |||
r-devel-linux-x86_64-fedora-gcc | 1.0 | 30.88 | NOTE | |||
r-devel-windows-ix86+x86_64 | 1.0 | 4.00 | 62.00 | 66.00 | OK | |
r-patched-linux-x86_64 | 1.0 | 1.86 | 24.46 | 26.32 | OK | |
r-patched-solaris-x86 | 1.0 | 46.10 | NOTE | |||
r-release-linux-x86_64 | 1.0 | 1.81 | 24.50 | 26.31 | OK | |
r-release-windows-ix86+x86_64 | 1.0 | 4.00 | 62.00 | 66.00 | OK | |
r-release-osx-x86_64 | 1.0 | NOTE | ||||
r-oldrel-windows-ix86+x86_64 | 1.0 | 6.00 | 50.00 | 56.00 | OK | |
r-oldrel-osx-x86_64 | 1.0 | NOTE |
Version: 1.0
Check: dependencies in R code
Result: NOTE
Namespace in Imports field not imported from: ‘htmltools’
All declared Imports should be used.
Flavors: r-devel-linux-x86_64-fedora-clang, r-devel-linux-x86_64-fedora-gcc, r-patched-solaris-x86, r-release-osx-x86_64, r-oldrel-osx-x86_64