Last updated on 2018-05-14 01:47:02 CEST.
Flavor | Version | Tinstall | Tcheck | Ttotal | Status | Flags |
---|---|---|---|---|---|---|
r-devel-linux-x86_64-debian-clang | 1.3 | 4.33 | 26.74 | 31.07 | NOTE | |
r-devel-linux-x86_64-debian-gcc | 1.3 | 3.58 | 25.41 | 28.99 | NOTE | |
r-devel-linux-x86_64-fedora-clang | 1.3 | 44.02 | NOTE | |||
r-devel-linux-x86_64-fedora-gcc | 1.3 | 41.28 | NOTE | |||
r-devel-windows-ix86+x86_64 | 1.3 | 14.00 | 80.00 | 94.00 | OK | |
r-patched-linux-x86_64 | 1.3 | 4.25 | 30.75 | 35.00 | NOTE | |
r-patched-solaris-x86 | 1.3 | 65.60 | OK | |||
r-release-linux-x86_64 | 1.3 | 3.68 | 30.80 | 34.48 | NOTE | |
r-release-windows-ix86+x86_64 | 1.3 | 14.00 | 80.00 | 94.00 | OK | |
r-release-osx-x86_64 | 1.3 | OK | ||||
r-oldrel-windows-ix86+x86_64 | 1.3 | 15.00 | 78.00 | 93.00 | OK | |
r-oldrel-osx-x86_64 | 1.3 | OK |
Version: 1.3
Check: compiled code
Result: NOTE
File ‘simplexreg/libs/simplexreg.so’:
Found no calls to: ‘R_registerRoutines’, ‘R_useDynamicSymbols’
It is good practice to register native routines and to disable symbol
search.
See ‘Writing portable packages’ in the ‘Writing R Extensions’ manual.
Flavors: r-devel-linux-x86_64-debian-clang, r-devel-linux-x86_64-debian-gcc, r-devel-linux-x86_64-fedora-clang, r-devel-linux-x86_64-fedora-gcc, r-patched-linux-x86_64, r-release-linux-x86_64