CRAN Package Check Results for Package smoothAPC

Last updated on 2018-05-14 01:47:03 CEST.

Flavor Version Tinstall Tcheck Ttotal Status Flags
r-devel-linux-x86_64-debian-clang 0.2 6.60 84.70 91.30 OK
r-devel-linux-x86_64-debian-gcc 0.2 5.73 75.95 81.68 OK
r-devel-linux-x86_64-fedora-clang 0.2 126.48 NOTE
r-devel-linux-x86_64-fedora-gcc 0.2 122.28 NOTE
r-devel-windows-ix86+x86_64 0.2 17.00 121.00 138.00 OK
r-patched-linux-x86_64 0.2 4.44 82.11 86.55 OK
r-patched-solaris-x86 0.2 196.20 NOTE
r-release-linux-x86_64 0.2 6.43 85.22 91.65 OK
r-release-windows-ix86+x86_64 0.2 17.00 121.00 138.00 OK
r-release-osx-x86_64 0.2 NOTE
r-oldrel-windows-ix86+x86_64 0.2 9.00 181.00 190.00 OK
r-oldrel-osx-x86_64 0.2 NOTE

Check Details

Version: 0.2
Check: dependencies in R code
Result: NOTE
    Namespaces in Imports field not imported from:
     ‘compiler’ ‘lmtest’
     All declared Imports should be used.
Flavors: r-devel-linux-x86_64-fedora-clang, r-devel-linux-x86_64-fedora-gcc, r-patched-solaris-x86, r-release-osx-x86_64, r-oldrel-osx-x86_64