CRAN Package Check Results for Package snowFT

Last updated on 2018-05-14 01:47:03 CEST.

Flavor Version Tinstall Tcheck Ttotal Status Flags
r-devel-linux-x86_64-debian-clang 1.6-0 1.40 17.61 19.01 NOTE
r-devel-linux-x86_64-debian-gcc 1.6-0 0.98 14.45 15.43 NOTE
r-devel-linux-x86_64-fedora-clang 1.6-0 34.04 OK
r-devel-linux-x86_64-fedora-gcc 1.6-0 31.76 OK
r-devel-windows-ix86+x86_64 1.6-0 5.00 44.00 49.00 OK
r-patched-linux-x86_64 1.6-0 1.14 16.94 18.08 OK
r-patched-solaris-x86 1.6-0 78.70 OK
r-release-linux-x86_64 1.6-0 1.10 16.32 17.42 OK
r-release-windows-ix86+x86_64 1.6-0 5.00 44.00 49.00 OK
r-release-osx-x86_64 1.6-0 NOTE
r-oldrel-windows-ix86+x86_64 1.6-0 4.00 67.00 71.00 OK
r-oldrel-osx-x86_64 1.6-0 NOTE

Check Details

Version: 1.6-0
Check: package dependencies
Result: NOTE
    Package suggested but not available for checking: ‘Rmpi’
Flavors: r-devel-linux-x86_64-debian-clang, r-devel-linux-x86_64-debian-gcc, r-release-osx-x86_64, r-oldrel-osx-x86_64