CRAN Package Check Results for Package spectral

Last updated on 2018-05-14 01:47:04 CEST.

Flavor Version Tinstall Tcheck Ttotal Status Flags
r-devel-linux-x86_64-debian-clang 1.0.1 14.36 24.61 38.97 NOTE
r-devel-linux-x86_64-debian-gcc 1.0.1 11.38 21.54 32.92 NOTE
r-devel-linux-x86_64-fedora-clang 1.0.1 52.11 NOTE
r-devel-linux-x86_64-fedora-gcc 1.0.1 47.09 NOTE
r-devel-windows-ix86+x86_64 1.0.1 25.00 79.00 104.00 OK
r-patched-linux-x86_64 1.0.1 13.38 25.30 38.68 NOTE
r-patched-solaris-x86 1.0.1 65.90 OK
r-release-linux-x86_64 1.0.1 12.26 25.07 37.33 NOTE
r-release-windows-ix86+x86_64 1.0.1 25.00 79.00 104.00 OK
r-release-osx-x86_64 1.0.1 OK
r-oldrel-windows-ix86+x86_64 1.0.1 37.00 52.00 89.00 OK
r-oldrel-osx-x86_64 1.0.1 OK

Check Details

Version: 1.0.1
Check: compiled code
Result: NOTE
    File ‘spectral/libs/spectral.so’:
     Found no calls to: ‘R_registerRoutines’, ‘R_useDynamicSymbols’
    
    It is good practice to register native routines and to disable symbol
    search.
    
    See ‘Writing portable packages’ in the ‘Writing R Extensions’ manual.
Flavors: r-devel-linux-x86_64-debian-clang, r-devel-linux-x86_64-debian-gcc, r-devel-linux-x86_64-fedora-clang, r-devel-linux-x86_64-fedora-gcc, r-patched-linux-x86_64, r-release-linux-x86_64