CRAN Package Check Results for Package ss3sim

Last updated on 2018-05-14 01:47:04 CEST.

Flavor Version Tinstall Tcheck Ttotal Status Flags
r-devel-linux-x86_64-debian-clang 0.9.5 9.77 93.19 102.96 OK
r-devel-linux-x86_64-debian-gcc 0.9.5 8.84 76.63 85.47 OK
r-devel-linux-x86_64-fedora-clang 0.9.5 133.30 OK
r-devel-linux-x86_64-fedora-gcc 0.9.5 127.90 OK
r-devel-windows-ix86+x86_64 0.9.5 20.00 157.00 177.00 OK
r-patched-linux-x86_64 0.9.5 8.27 93.38 101.65 NOTE
r-patched-solaris-x86 0.9.5 181.60 OK
r-release-linux-x86_64 0.9.5 11.38 94.40 105.78 NOTE
r-release-windows-ix86+x86_64 0.9.5 20.00 157.00 177.00 OK
r-release-osx-x86_64 0.9.5 OK
r-oldrel-windows-ix86+x86_64 0.9.5 18.00 137.00 155.00 OK
r-oldrel-osx-x86_64 0.9.5 OK

Check Details

Version: 0.9.5
Check: DESCRIPTION meta-information
Result: NOTE
    Dependence on R version ‘3.3.3’ not with patchlevel 0
Flavors: r-patched-linux-x86_64, r-release-linux-x86_64