Last updated on 2018-05-14 01:47:04 CEST.
Flavor | Version | Tinstall | Tcheck | Ttotal | Status | Flags |
---|---|---|---|---|---|---|
r-devel-linux-x86_64-debian-clang | 1.1 | 3.51 | 47.55 | 51.06 | NOTE | |
r-devel-linux-x86_64-debian-gcc | 1.1 | 3.89 | 41.68 | 45.57 | NOTE | |
r-devel-linux-x86_64-fedora-clang | 1.1 | 70.95 | NOTE | |||
r-devel-linux-x86_64-fedora-gcc | 1.1 | 68.70 | NOTE | |||
r-devel-windows-ix86+x86_64 | 1.1 | 7.00 | 75.00 | 82.00 | NOTE | |
r-patched-linux-x86_64 | 1.1 | 3.74 | 45.18 | 48.92 | NOTE | |
r-patched-solaris-x86 | 1.1 | 96.80 | NOTE | |||
r-release-linux-x86_64 | 1.1 | 3.25 | 44.92 | 48.17 | NOTE | |
r-release-windows-ix86+x86_64 | 1.1 | 7.00 | 75.00 | 82.00 | NOTE | |
r-release-osx-x86_64 | 1.1 | NOTE | ||||
r-oldrel-windows-ix86+x86_64 | 1.1 | 10.00 | 49.00 | 59.00 | NOTE | |
r-oldrel-osx-x86_64 | 1.1 | NOTE |
Version: 1.1
Check: dependencies in R code
Result: NOTE
Package in Depends field not imported from: ‘survey’
These packages need to be imported from (in the NAMESPACE file)
for when this namespace is loaded but not attached.
Flavors: r-devel-linux-x86_64-debian-clang, r-devel-linux-x86_64-debian-gcc, r-devel-linux-x86_64-fedora-clang, r-devel-linux-x86_64-fedora-gcc, r-devel-windows-ix86+x86_64, r-patched-linux-x86_64, r-patched-solaris-x86, r-release-linux-x86_64, r-release-windows-ix86+x86_64, r-release-osx-x86_64, r-oldrel-windows-ix86+x86_64, r-oldrel-osx-x86_64
Version: 1.1
Check: R code for possible problems
Result: NOTE
fit.model: no visible global function definition for ‘hadamard’
Undefined global functions or variables:
hadamard
Flavors: r-devel-linux-x86_64-debian-clang, r-devel-linux-x86_64-debian-gcc, r-devel-linux-x86_64-fedora-clang, r-devel-linux-x86_64-fedora-gcc, r-devel-windows-ix86+x86_64, r-patched-linux-x86_64, r-patched-solaris-x86, r-release-linux-x86_64, r-release-windows-ix86+x86_64, r-release-osx-x86_64, r-oldrel-windows-ix86+x86_64, r-oldrel-osx-x86_64