Last updated on 2018-05-14 01:47:05 CEST.
Flavor | Version | Tinstall | Tcheck | Ttotal | Status | Flags |
---|---|---|---|---|---|---|
r-devel-linux-x86_64-debian-clang | 0.2.1 | 2.25 | 35.13 | 37.38 | OK | |
r-devel-linux-x86_64-debian-gcc | 0.2.1 | 2.17 | 30.27 | 32.44 | OK | |
r-devel-linux-x86_64-fedora-clang | 0.2.1 | 49.74 | NOTE | |||
r-devel-linux-x86_64-fedora-gcc | 0.2.1 | 46.28 | NOTE | |||
r-devel-windows-ix86+x86_64 | 0.2.1 | 10.00 | 71.00 | 81.00 | OK | |
r-patched-linux-x86_64 | 0.2.1 | 2.25 | 34.44 | 36.69 | OK | |
r-patched-solaris-x86 | 0.2.1 | 74.20 | NOTE | |||
r-release-linux-x86_64 | 0.2.1 | 2.12 | 34.64 | 36.76 | OK | |
r-release-windows-ix86+x86_64 | 0.2.1 | 10.00 | 71.00 | 81.00 | OK | |
r-release-osx-x86_64 | 0.2.1 | NOTE | ||||
r-oldrel-windows-ix86+x86_64 | 0.2.1 | 8.00 | 72.00 | 80.00 | OK | |
r-oldrel-osx-x86_64 | 0.2.0 | NOTE |
Version: 0.2.1
Check: dependencies in R code
Result: NOTE
Namespace in Imports field not imported from: ‘lubridate’
All declared Imports should be used.
Flavors: r-devel-linux-x86_64-fedora-clang, r-devel-linux-x86_64-fedora-gcc, r-patched-solaris-x86, r-release-osx-x86_64
Version: 0.2.1
Check: data for non-ASCII characters
Result: NOTE
Note: found 3 marked UTF-8 strings
Flavors: r-devel-linux-x86_64-fedora-clang, r-devel-linux-x86_64-fedora-gcc, r-patched-solaris-x86, r-release-osx-x86_64
Version: 0.2.0
Check: dependencies in R code
Result: NOTE
Namespace in Imports field not imported from: ‘lubridate’
All declared Imports should be used.
Flavor: r-oldrel-osx-x86_64
Version: 0.2.0
Check: data for non-ASCII characters
Result: NOTE
Note: found 3 marked UTF-8 strings
Flavor: r-oldrel-osx-x86_64