Last updated on 2018-05-14 01:47:05 CEST.
Flavor | Version | Tinstall | Tcheck | Ttotal | Status | Flags |
---|---|---|---|---|---|---|
r-devel-linux-x86_64-debian-clang | 0.1-0 | 11.83 | 88.09 | 99.92 | OK | |
r-devel-linux-x86_64-debian-gcc | 0.1-0 | 10.49 | 80.45 | 90.94 | OK | |
r-devel-linux-x86_64-fedora-clang | 0.1-0 | 141.62 | OK | |||
r-devel-linux-x86_64-fedora-gcc | 0.1-0 | 135.87 | OK | |||
r-devel-windows-ix86+x86_64 | 0.1-0 | 27.00 | 141.00 | 168.00 | OK | |
r-patched-linux-x86_64 | 0.1-0 | 11.87 | 88.02 | 99.89 | OK | |
r-patched-solaris-x86 | 0.1-0 | 3.90 | ERROR | |||
r-release-linux-x86_64 | 0.1-0 | 11.69 | 88.23 | 99.92 | OK | |
r-release-windows-ix86+x86_64 | 0.1-0 | 27.00 | 141.00 | 168.00 | OK | |
r-release-osx-x86_64 | 0.1-0 | OK | ||||
r-oldrel-windows-ix86+x86_64 | 0.1-0 | 12.00 | 153.00 | 165.00 | OK |
Version: 0.1-0
Check: package dependencies
Result: ERROR
Package required but not available: ‘BayesFactor’
See section ‘The DESCRIPTION file’ in the ‘Writing R Extensions’
manual.
Flavor: r-patched-solaris-x86